n base 7, what is -36 - 2?
-41
In base 14, what is -6a - 2?
-6c
In base 12, what is -1480 - 5?
-1485
In base 16, what is -fd5 - 1?
-fd6
In base 11, what is -23 + 84?
61
In base 2, what is 10101 + 10011?
101000
In base 2, what is 100 - 111001111?
-111001011
In base 4, what is 313 - 21?
232
In base 8, what is -3630 - -5?
-3623
In base 13, what is 1 + 157?
158
In base 2, what is 1 - 101?
-100
In base 6, what is -332 - 140?
-512
In base 3, what is -11 - 1210?
-1221
In base 15, what is 2875 - -5?
287a
In base 8, what is 2 - 30?
-26
In base 4, what is -203 - 31?
-300
In base 13, what is 1a7 + -3?
1a4
In base 14, what is 4 - -4a6?
4aa
In base 10, what is 79 + 35?
114
In base 12, what is 4 + -163?
-15b
In base 12, what is 16b - 3?
168
In base 7, what is -2 + -305?
-310
In base 9, what is -133 + -2?
-135
In base 2, what is -100101 - 1010?
-101111
In base 3, what is 102 + 102?
211
In base 6, what is -1 + -2523?
-2524
In base 2, what is 0 + -1010?
-1010
In base 3, what is 12 + -100?
-11
In base 9, what is -754 - 4?
-758
In base 9, what is -78 + 52?
-26
In base 12, what is b4 - 7?
a9
In base 5, what is 43 - -11?
104
In base 9, what is 76 - -25?
112
In base 14, what is 800 - 2?
7dc
In base 4, what is 301 + 1112?
2013
In base 3, what is -20201212 - 12?
-20202001
In base 13, what is -123b - -a?
-1231
In base 14, what is -4c1 + -12?
-4d3
In base 4, what is 1230233 - 11?
1230222
In base 15, what is -3 - -1e1?
1dd
In base 8, what is -35 + -5?
-42
In base 4, what is 11 - 2122?
-2111
In base 11, what is 0 + -82?
-82
In base 12, what is 631 + 0?
631
In base 15, what is 46 - 7?
3e
In base 11, what is 1069 - -1?
106a
In base 15, what is -2e53 + -1?
-2e54
In base 3, what is -1 - 1?
-2
In base 2, what is -10 + -11010000?
-11010010
In base 3, what is -1100 + -10?
-1110
In base 12, what is -2651 + 3?
-264a
In base 3, what is 11 - -112200?
112211
In base 11, what is -12 - -10?
-2
In base 7, what is -5 + 24?
16
In base 13, what is 14 + 4?
18
In base 3, what is 110 - -102?
212
In base 11, what is -129 - 1?
-12a
In base 8, what is 1322 - -31?
1353
In base 8, what is -2 + -31?
-33
In base 15, what is 3b - 18?
23
In base 3, what is -121012 - -22?
-120220
In base 2, what is -1100111 + 11110?
-1001001
In base 15, what is -ec - -2?
-ea
In base 14, what is -563 - 1?
-564
In base 8, what is 577 + -5?
572
In base 14, what is 7 - 2?
5
In base 12, what is 0 - -343?
343
In base 10, what is 507 - 1?
506
In base 5, what is 10 + -1343?
-1333
In base 8, what is -353 - -4?
-347
In base 13, what is -4 - 3?
-7
In base 11, what is -11 + 36?
25
In base 11, what is -737 + 3?
-734
In base 14, what is -52 - -16?
-3a
In base 7, what is 341 + 11?
352
In base 8, what is -2 + 146?
144
In base 14, what is 4 + 147?
14b
In base 8, what is -3274 + 0?
-3274
In base 9, what is 5 - -147?
153
In base 2, what is -110101 + 101101?
-1000
In base 13, what is 5 - -12?
17
In base 4, what is 200020 + 0?
200020
In base 2, what is -100 + -1011?
-1111
In base 10, what is 2 + 266?
268
In base 10, what is 17 - -17?
34
In base 5, what is -2 + -1?
-3
In base 6, what is 411 - -33?
444
In base 7, what is -252 + 4?
-245
In base 7, what is 254 + 5?
262
In base 3, what is 110 + -212?
-102
In base 7, what is 1522 + 4?
1526
In base 12, what is -34 + -9?
-41
In base 6, what is -25 + -5?
-34
In base 6, what is -14444 + 4?
-14440
In base 12, what is 6a + -2?
68
In base 14, what is -3 + 65d?
65a
In base 12, what is -1969 + 2?
-1967
In base 12, what is 13 + -63?
-50
In base 12, what is a8 + -19?
8b
In base 2, what is 1000001 - -100?
1000101
In base 7, what is -2 - -2262?
2260
In base 4, what is 132 + 1133?
1331
In base 11, what is -3 - 1768?
-1770
In base 14, what is -162 + -3?
-165
In base 3, what is -2101 - -120?
-1211
In base 2, what is -110 + -101?
-1011
In base 11, what is 7 + 96?
a2
In base 10, what is 4 + -200?
-196
In base 16, what is -3f + -6?
-45
In base 2, what is -10001100 + 0?
-10001100
In base 2, what is 111101 - 1101101?
-110000
In base 3, what is 2222202 - 22?
2222110
In base 7, what is 603 + 5?
611
In base 3, what is -1 - 2201212?
-2201220
In base 15, what is -5 + 28a?
285
In base 7, what is -1 - 611?
-612
In base 10, what is 1474 - -4?
1478
In base 4, what is -11 + 131031?
131020
In base 14, what is 149 + -9?
140
In base 9, what is -64 + 82?
17
In base 9, what is 5 + 77?
83
In base 12, what is 5 + 14?
19
In base 9, what is 2 - -700?
702
In base 2, what is 0 + 110000101?
110000101
In base 5, what is 30 - -23?
103
In base 4, what is -10 + -1101230?
-1101300
In base 11, what is -1 - 17?
-18
In base 6, what is 0 - 5?
-5
In base 10, what is 2 + 0?
2
In base 10, what is 37 + 50?
87
In base 9, what is 23 + 7?
31
In base 16, what is 1d + -20?
-3
In base 2, what is 10010011101011 - -100?
10010011101111
In base 11, what is 3a9a + 5?
3aa4
In base 11, what is 3 - -486?
489
In base 4, what is -12 + -203?
-221
In base 10, what is -16 - 8?
-24
In base 15, what is -10 - -5?
-a
In base 12, what is -b - 14?
-23
In base 15, what is 5 - -ad?
b3
In base 6, what is -13005 + -5?
-13014
In base 5, what is 1 - -222301?
222302
In base 5, what is -111312 + 3?
-111304
In base 5, what is -33100 + 1?
-33044
In base 14, what is 5 + -9b6?
-9b1
In base 8, what is 0 + -12015?
-12015
In base 16, what is f - -14?
23
In base 5, what is 124 + 112?
241
In base 9, what is 2128 - 4?
2124
In base 14, what is -102 + -7?
-109
In base 2, what is -101110110 + -11?
-101111001
In base 9, what is 2354 + 1?
2355
In base 2, what is 1011011 + 1001101?
10101000
In base 15, what is 4 + 17a?
17e
In base 6, what is 13215 - -4?
13223
In base 13, what is -17 - 1c?
-36
In base 11, what is 612a + 2?
6131
In base 6, what is -1454 + -1?
-1455
In base 6, what is 21 - -13?
34
In base 5, what is 143 - 2?
141
In base 3, what is -12201211 + -12?
-12202000
In base 8, what is -4 + 132?
126
In base 8, what is 157 + -5?
152
In base 9, what is 2576 + -3?
2573
In base 2, what is -101111 - -1011?
-100100
In base 8, what is -10 - 12?
-22
In base 4, what is -2033020 + -2?
-2033022
In base 6, what is 141 + -341?
-200
In base 15, what is -54c + -1?
-54d
In base 13, what is 9 - 24?
-18
In base 4, what is 32 + -2?
30
In base 3, what is 1022211 + 1?
1022212
In base 9, what is -8 + 26?
17
In base 2, what is 10011 - 10111?
-100
In base 11, what is 4 - aa?
-a6
In base 4, what is -102003 - -3?
-102000
In base 7, what is -1 + 162?
161
In base 13, what is -127 - 6?
-130
In base 16, what is -1ae - -4?
-1aa
In base 12, what is -2 - -8?
6
In base 15, what is -16a - 2?
-16c
In base 9, what is 1531 - -4?
1535
In base 11, what is a8 - a?
99
In base 16, what is 2 + -13cb?
-13c9
In base 15, what is 0 - -a3?
a3
In base 15, what is -2455 + -4?
-2459
In base 4, what is -113301 - 2?
-113303
In base 15, what is 5 + 34?
39
In base 11, what is -6 - -18?
12
In base 12, what is 133 - -3?
136
In base 8, what is 24 - 2?
22
In base 10, what is 2601 + -4?
2597
In base 9, what is 4 - -414?
418
In base 8, what is 541 + 21?
562
In base 2, what is -10 - -10000100100?
10000100010
In base 16, what is b2 + -1?
b1
In base 5, what is 0 + -13414?
-13414
In base 14, what is -1 + 0?
-1
In base 9, what is 11 - 806?
-785
In base 6, what is 552 - -2?
554
In base 5, what is -1304 + -1?
-1310
In base 6, what is 5 + -15?
-10
In base 3, what is -22220002 - 0?
-22220002
In base 12, what is -2 + 39?
37
In base 13, what is -2 + -29?
-2b
In base 8, what is 2067 + 1?
2070
In base 4, what is -2 + 11231?
11223
In base 4, what is -1302 + 212?
-1030
In base 2, what is 100011 + -111?
11100
In base 3, what is 201022222 + -2?
201022220
In base 10, what is 13 - -399?
412
In base 2, what is -1010010001 + -101?
-1010010110
In base 4, what is -1 - -3011?
3010
In base 12, what is 165 - -13?
178
In base 15, what is -41 + 4?
-3c
In base 8, what is -11 + -615?
-626
In base 14, what is 162 - 5?
15b
In base 15, what is -2c - -3?
-29
In base 16, what is 5 - -9fb?
a00
In base 16, what is 154 - -3?
157
In base 4, what is -1 - 233?
-300
In base 4, what is 11 + -13220?
-13203
In base 13, what is -103 - 5?
-108
In base 8, what is 1 - -465?
466
In base 11, what is -3910 - -6?
-3905
In base 13, what is -40 + -36?
-76
In base 12, what is 5 + -67?
-62
In base 2, what is -10100001100010 + 10?
-10100001100000
In base 10, what is -2 + -28?
-30
In base 4, what is 11 - -1